1490 - 10511. List the prime factors of i.
11, 89
Let u(s) = -114*s - 60. Suppose 7*f - 66 = 18*f. List the prime factors of u(f).
2, 3, 13
Let q = -593 - -723. Suppose 125*x - q*x + 1090 = 0. List the prime factors of x.
2, 109
Let l = -160 + 187. Suppose -27*z + l + 81 = 0. List the prime factors of z.
2
Suppose -2*f + 2886 = 11*f. Let t = f + -179. List the prime factors of t.
43
Suppose -a = -13*d + 15*d - 248, -3*d = 2*a - 500. Suppose 0 = 2*j - 10, 3*j + a = 3*i + 19. List the prime factors of i.
2, 3, 7
Let y(g) = -g**3 + 6*g**2 + 8*g - 8. Let r be y(6). List the prime factors of (-10 - -9)/((1/r)/(-1)).
2, 5
Let g(d) = -62*d - 96. Let w(k) = 61*k + 94. Let o(i) = 6*g(i) + 5*w(i). What are the prime factors of o(-14)?
2, 13
Let t be (-416)/(-10) + (-4)/(-10). Suppose -46*r + t*r + 1008 = 0. What are the prime factors of r?
2, 3, 7
Let g be 3/3 + -1 + (2 - -2). Suppose -g + 0 = -2*m. Suppose m*l + 36 = 152. What are the prime factors of l?
2, 29
Let s(q) = 110*q**2 - 153*q + 1375. What are the prime factors of s(8)?
3, 17, 47
Let b(i) be the second derivative of i**5/20 + 5*i**4/4 - 7*i**3/2 - 15*i**2/2 + i + 6. What are the prime factors of b(-15)?
2, 3, 5
Suppose 5*o + 2*d + 590 = 0, 3*o - 3*d - 45 = -399. Let z = o + 388. Suppose -7*g + 3*g - 3*w + 258 = 0, -4*g + z = -3*w. List the prime factors of g.
2, 3, 11
Let f(g) = 143*g**2 - 155*g - 22. List the prime factors of f(7).
2, 5, 59
Let l = 4454 + -2980. Let d = l + -773. List the prime factors of d.
701
Let b(q) = 19*q**2 + 2*q. Let k be b(-6). Suppose 2*r - k = -2*r. List the prime factors of (r/(-9))/((-2)/6).
2, 7
Let q be -3 + (-13 - -9 - (-2 + -5)). Suppose 38*s - 43*s + 1595 = q. What are the prime factors of s?
11, 29
Suppose -14*n + 39975 = -9*n. Suppose 19*r - 4944 = n. What are the prime factors of r?
3, 227
Suppose 161*n - 3456 = 149*n. Suppose -2553 - n = -3*w. List the prime factors of w.
947
List the prime factors of (-470542)/(-18) - ((-29)/(-522) + 2/12).
26141
Suppose -537*b - 36 = -531*b. Let a(u) = -262*u - 55. List the prime factors of a(b).
37, 41
Suppose 105*g + 49*g = -220*g + 6583148. What are the prime factors of g?
2, 13, 677
Let t = -38 - -45. Suppose 3*j - t*z = -4*z + 36, 4*j = 2*z + 48. Let r = j + 32. List the prime factors of r.
2, 11
Let r = -36582 - -83400. List the prime factors of r.
2, 3, 17
Let u = 419 + 616. Let o be u/(-25)*(-10)/3. Let v = o + -98. List the prime factors of v.
2, 5
Let d(z) = z - 3. Let c(x) = 5*x - 14. Let k(t) = 2*c(t) - 11*d(t). Let o be k(-6). Suppose -72 = o*j - 1799. What are the prime factors of j?
157
Let f(c) = -9 + 23 + 5*c - 27 - 3*c. Let t be f(8). Suppose 41 = 2*j - t*n + 6*n, -j = -4*n - 48. List the prime factors of j.
2, 7
Let w = 498 - 496. Suppose 2*n - 5*p = 756, 0 = -5*n - w*p + 1161 + 729. List the prime factors of n.
2, 3, 7
Let v be (3 + 2882)*((-28)/(-10) - 2). Suppose 7*t - 653 = v. Suppose -t - 65 = -4*i. List the prime factors of i.
2, 61
Let y = -215 - -241. Suppose -y*d + 28*d - 350 = 0. What are the prime factors of d?
5, 7
What are the prime factors of ((-1028781)/26 - -3)*(-5)/(60/8)?
13, 2029
Let x(r) = -r**2 + 5*r + 4. Let n be x(5). Let u(g) = g**2 - 4*g + 2. Let i be u(n). List the prime factors of (-1)/((4/(-366))/(i/3)).
61
Let z(v) = v - 2. Let i(l) = 28*l - 31. Let r(b) = -i(b) + 5*z(b). Let a be r(-11). Suppose 9*n - a = 7*n. List the prime factors of n.
137
Suppose 4*o + 5556 = 2*a, -2*a - a - 3*o + 8379 = 0. Suppose 4*l + a = 2*u, 5*u - 1762 = l + 5163. What are the prime factors of u?
2, 173
Let f(t) = 8*t**2 + 16*t + 8. Suppose 4 - 29 = 5*c - 2*s, 3*c = -4*s - 41. List the prime factors of f(c).
2, 3
Suppose v = 2*p + 14, -v + p + 2 + 10 = 0. List the prime factors of 148/(4 - 19/v*2).
2, 5, 37
Suppose -3*p + 81 = -a, 3*a - 2*p + 84 = 2*a. What are the prime factors of (1471/(-1))/(89 + a)?
1471
Let m = 28224 - 21074. List the prime factors of m.
2, 5, 11, 13
Let y(a) = 9823*a**2 + 62*a - 126. List the prime factors of y(2).
2, 5, 3929
What are the prime factors of (-2)/16 + (-10072021)/(-1256)?
3, 11
Let o(x) = 21*x - 96. Let m be o(12). What are the prime factors of (16/(-12))/(-1)*m?
2, 13
Suppose 39855 = 4*w - 3*u, -3*u = 23*w - 22*w - 9960. List the prime factors of w.
3, 41
Let k(h) = h**3 + 23*h**2 + 17*h - 107. Let c be k(-22). Suppose 0 = 3*y + 4*a - 1243, 0 = 3*y - 0*y + c*a - 1245. List the prime factors of y.
3, 139
Let k be 2/(-12) - 1519/(-6). Let l be 0/(-7) - (-1 + -2). Suppose y + l*y = -2*c + 142, 0 = 3*c - 2*y - k. List the prime factors of c.
3
Suppose 0 = 3*g - 5*m - 11590, 15*m - 3868 = -g + 19*m. Suppose 23*j - 280 = g. List the prime factors of j.
2, 3, 5
Let j = 15962 - 11097. Suppose 5*d - j = -5*y, 6*d = 3*d + 2*y + 2929. What are the prime factors of d?
3, 5, 13
Suppose 3*x - 3*p + 60 = 0, -4*x + x + p - 56 = 0. List the prime factors of 256 + x/12*2.
11, 23
Let i be (3*-1)/((-3)/14). Let m be (12/(-30))/((-4)/(-590)). Let p = i - m. What are the prime factors of p?
73
Suppose 0 = -24*i + 18*i - 498. Let f = 224 + i. What are the prime factors of f?
3, 47
Let k = 70 + 297. Let a = k + 249. What are the prime factors of a?
2, 7, 11
Let u be 24/(-20)*(-11 - -1)*-8. Let b be (-11392)/u + 2/6. Let z = b + -96. List the prime factors of z.
23
Let a(s) = 1620*s - 663. List the prime factors of a(12).
3, 11, 569
Suppose -32*q = -14*q + 120789 - 864081. List the prime factors of q.
2, 11, 1877
Let j be 14/3*108/(-42). Let v(t) = -t**2 - 21*t + 9. What are the prime factors of v(j)?
3, 13
Suppose -d - 3*q = -14906, 198*d - 203*d - 5*q + 74550 = 0. What are the prime factors of d?
2, 233
Let k be (-3)/6*(-6)/3. Let p(j) = 14*j**2 + 2*j**2 + j**2 + 2*j - k - 3*j**2. List the prime factors of p(2).
59
Let a = -11692 + 20072. List the prime factors of a.
2, 5, 419
Suppose -2*y = -2*f + 12, -5*y + 5 = 3*f + 3. Suppose -4*u + 2*u = 2, f*u + 2834 = 5*j. Suppose -6*o + 496 + j = 0. List the prime factors of o.
3, 59
Let g = -6978 - -24917. What are the prime factors of g?
17939
Suppose 3*x = 4*u + 76, -3*x - u = 35 - 91. Suppose -27846 = -t - x*t. What are the prime factors of t?
2, 3, 13, 17
Suppose 59*v + c = 64*v - 135640, 4*v - 108501 = 3*c. List the prime factors of v.
3, 9043
Suppose 8*j - 30*j = -11*j - 15334. What are the prime factors of j?
2, 17, 41
Let k be 17*(-4 + (-85)/(-5)). Let t(n) = -n**3 - 2*n**2. Let l be t(-3). Suppose -k - 958 = -l*p. What are the prime factors of p?
131
Let h(x) be the first derivative of x**3 - 25*x**2 + 21*x - 66. List the prime factors of h(18).
3, 31
Suppose 2*c + i = -i - 8, 0 = -c + 4*i + 16. Let d be c*(-5)/75*-5. Let t = d + 9. List the prime factors of t.
3
Let v be (-3 - 42/(-12))*0. What are the prime factors of (v - (-2 - -19))/((-45)/1215)?
3, 17
What are the prime factors of (-7)/2*(-78 + -1368)?
3, 7, 241
Suppose -2*n = -5 - 25. Suppose 7 = -2*a + n. Suppose 4*o + a*t + 123 = 5*o, 102 = o + 3*t. What are the prime factors of o?
3, 37
Let r(t) be the first derivative of 99*t**5/10 - t**4/12 - t**3/6 + t**2/2 + 5*t - 6. Let l(w) be the first derivative of r(w). List the prime factors of l(1).
197
List the prime factors of -84*6251/(-57) - (-10)/(-2).
3, 11, 31
Suppose 0 = 6121*d - 6114*d - 15050. List the prime factors of d.
2, 5, 43
What are the prime factors of ((-2)/(-10) - 0) + 3/(150/1075190)?
2, 3, 7
Let v be 56412/(-162) + 2/9 + -1. Let i = v + 585. List the prime factors of i.
2, 59
Suppose -5*s - 10*w + 15*w + 70245 = 0, 2*w = -5*s + 70273. What are the prime factors of s?
13, 23, 47
Suppose 0 = q - 5*b - 44885 - 4236, -147375 = -3*q + 3*b. What are the prime factors of q?
2, 7, 11, 29
Suppose -241 + 244 = 3*r, 0 = 2*k - 3*r - 2103. What are the prime factors of k?
3, 13
Suppose -52*k + 42*k + 120 = 0. What are the prime factors of ((-1257)/k + 2)*-4?
3, 137
Let g be (-5 + (462/12)/7)*-32. What are the prime factors of g*(-114)/12 - 2?
2, 3, 5
Suppose 9*q - 75 - 393 = 0. Let n = -40 + q. Let b = n + 88. List the prime factors of b.
2, 5
Suppose -g + 3 = 7, 5*w + 2*g + 7698 = 0. Let n = -597 - w. What are the prime factors of n?
941
Suppose -10*g = -11*g + 5. Let w(u) = -u + 7. Let b be w(g). What are the prime factors of b/5 - (-2 - 489/15)?
5, 7
What are the prime factors of (-2 - 5248/6)*(-83)/(12450/1